e number?
True
Is 4490987 a composite number?
False
Is 6662029 composite?
True
Is 3639551 prime?
True
Is 47193161 a prime number?
False
Is 1382209619 a composite number?
True
Is 129534421 a composite number?
True
Is 391045979 prime?
True
Is 942322 a composite number?
True
Is 428245183 prime?
False
Is 1987421 a prime number?
False
Is 1091359 a composite number?
False
Is 2621501 a prime number?
True
Is 684174847 a composite number?
False
Is 37409 composite?
False
Is 194055637 prime?
True
Is 2325143 a composite number?
False
Is 23304353 prime?
True
Is 205937 composite?
False
Is 348440515 a prime number?
False
Is 32230481 a prime number?
False
Is 1945753 composite?
True
Is 4863605 a prime number?
False
Is 126931157 prime?
False
Is 62662151 a composite number?
False
Is 16682053 a prime number?
False
Is 7413737 composite?
False
Is 349642 composite?
True
Is 5522489 composite?
True
Is 1734331 prime?
False
Is 23201657 a prime number?
True
Is 252498487 a composite number?
False
Is 234781 composite?
False
Is 22413251 prime?
False
Is 40954817 a prime number?
False
Is 4029455 composite?
True
Is 6727741 prime?
True
Is 108019235 prime?
False
Is 643937783 composite?
False
Is 540079 prime?
True
Is 46171621 a composite number?
True
Is 240732377 a prime number?
True
Is 4164947 a composite number?
False
Is 28529101 composite?
False
Is 533434199 a composite number?
True
Is 25543313 a composite number?
False
Is 1577111 a composite number?
True
Is 24298189 composite?
True
Is 22430579 a prime number?
False
Is 2961227 a prime number?
False
Is 864401 composite?
True
Is 15371782 composite?
True
Is 1025107691 composite?
True
Is 4306537 composite?
False
Is 260777629 prime?
False
Is 1972149 composite?
True
Is 38590327 a prime number?
False
Is 374723483 a composite number?
False
Is 8221537 prime?
True
Is 111981563 a composite number?
False
Is 5146537 composite?
True
Is 823981 a prime number?
True
Is 3826621 prime?
True
Is 56093923 prime?
True
Is 7472123 a prime number?
True
Is 106880153 composite?
True
Is 44852915 a prime number?
False
Is 6733621 composite?
True
Is 492202045 a composite number?
True
Is 1017061 prime?
True
Is 414658423 a prime number?
True
Is 42593462 prime?
False
Is 136551911 a prime number?
False
Is 24098923 a prime number?
True
Is 285424382 composite?
True
Is 13211857 a composite number?
True
Is 4266443 composite?
False
Is 1522817 composite?
True
Is 715618 prime?
False
Is 5223079 prime?
True
Is 352688263 prime?
False
Is 38533523 a prime number?
False
Is 54852979 composite?
False
Is 12506493 a prime number?
False
Is 5437441 a prime number?
False
Is 6189083 composite?
False
Is 2231561 prime?
False
Is 2013491 a composite number?
False
Is 2499761 a composite number?
True
Is 107202967 a prime number?
False
Is 42319019 composite?
False
Is 75214 composite?
True
Is 447442939 composite?
False
Is 31284793 a prime number?
False
Is 43407937 a composite number?
False
Is 25252841 a composite number?
True
Is 365256779 prime?
False
Is 398175317 a prime number?
False
Is 212665561 a composite number?
False
Is 8151043 prime?
True
Is 9625073 a composite number?
True
Is 590233 composite?
True
Is 32461003 a prime number?
True
Is 4559941 a composite number?
True
Is 100460911 composite?
False
Is 17600659 composite?
False
Is 3979049 composite?
True
Is 146002079 prime?
False
Is 717444793 prime?
False
Is 4231349 prime?
False
Is 36737333 a composite number?
True
Is 4074023 composite?
False
Is 2459921 a prime number?
True
Is 3569789 prime?
True
Is 44483163 composite?
True
Is 17214049 prime?
True
Is 1296181 a prime number?
True
Is 5850051 a prime number?
False
Is 272068417 prime?
False
Is 40173355 prime?
False
Is 13475221 prime?
False
Is 59015147 a prime number?
False
Is 15046799 a prime number?
True
Is 110957585 composite?
True
Is 56115727 a composite number?
False
Is 434810011 prime?
True
Is 47683523 a prime number?
False
Is 199995673 a prime number?
True
Is 11265911 a composite number?
False
Is 129914111 a prime number?
False
Is 9600611 composite?
True
Is 34145099 a composite number?
False
Is 45918209 a composite number?
False
Is 9696009 prime?
False
Is 2104657 composite?
False
Is 19537229 prime?
True
Is 216313937 a composite number?
True
Is 1402123 a prime number?
True
Is 22005701 prime?
False
Is 5007441 a prime number?
False
Is 1445953 a composite number?
False
Is 290682239 a prime number?
True
Is 193712137 composite?
True
Is 1515467 a composite number?
True
Is 193060097 composite?
False
Is 78524531 a composite number?
False
Is 27483397 prime?
True
Is 3816133 composite?
False
Is 72709507 composite?
True
Is 774415 composite?
True
Is 1319 a composite number?
False
Is 105602801 a prime number?
True
Is 5147563 a prime number?
True
Is 15647887 composite?
True
Is 183553837 prime?
True
Is 197327773 composite?
False
Is 3245411 prime?
False
Is 5355179 a prime number?
True
Is 786803 a composite number?
False
Is 19454927 composite?
False
Is 1859971 composite?
False
Is 28301333 prime?
False
Is 54055598 prime?
False
Is 547572557 a composite number?
True
Is 465954187 a composite number?
False
Is 66919 composite?
False
Is 6080279 composite?
False
Is 3108661 composite?
True
Is 359268401 a composite number?
False
Is 2167171 composite?
True
Is 37021169 prime?
True
Is 55688797 a composite number?
False
Is 666329 a prime number?
True
Is 3936167 a prime number?
True
Is 314731 prime?
False
Is 20817223 prime?
False
Is 714443 prime?
True
Is 4153354 prime?
False
Is 40845593 composite?
False
Is 3388037 a composite number?
False
Is 415555391 a composite number?
False
Is 46938865 a prime number?
False
Is 260396023 composite?
False
Is 13895939 a composite number?
False
Is 41551541 a composite number?
False
Is 1600061 a composite number?
False
Is 6527707 prime?
False
Is 140174369 a prime number?
True
Is 48151 a prime number?
False
Is 91999619 prime?
False
Is 14825897 prime?
True
Is 3218399 prime?
True
Is 171729671 prime?
True
Is 4534619 a composite number?
False
Is 12941171 a composite number?
True
Is 18131695 a prime number?
False
Is 23678843 a composite number?
True
Is 6526483 a prime number?
True
Is 1456896967 a composite number?
False
Is 27247289 composite?
False
Is 22138631 composite?
False
Is 4301007 prime?
False
Is 18104773 prime?
True
Is 57037 a prime number?
True
Is 2039087 a composite number?
True
Is 7718641 a prime number?
False
Is 17021899 prime?
True
Is 256931 composite?
False
Is 230148755 prime?
False
Is 9259429 composite?
False
Is 68046559 composite?
True
Is 6127831 composite?
False
Is 8289161 prime?
True
Is 8640109 composite?
False
Is 40058197 prime?
True
Is 15825871 a prime number?
True
Is 3555677 a prime number?
True
Is 2422379 a prime number?
False
Is 58622873 a composite number?
False
Is 42872839 a prime number?
False
Is 1269703 a prime number?
True
Is 126949771 prime?
False
Is 2335337 prime?
False
Is 220526981 a composite number?
False
Is 1501193 composite?
False
Is 179644399 prime?
False
Is 50581 a composite number?
False
Is 189637829 composite?
True
Is 405641 a composite number?
False
Is 345591943 a composite number?
False
Is 51303947 a prime number?
False
Is 1590073 prime?
True
Is 45766421 composite?
True
Is 382541 a composite number?
False
Is 3720803 composite?
True
Is 103299697 a composite number?
False
Is 52494763 a prime number?
False
Is 38879609 a composite number?
True
Is 5724969 a composite number?
True
Is 131128763 prime?
False
Is 190592357 a composite number?
False
Is 12732143 a prime number?
True
Is 65274277 a composite number?
False
Is 15259157 prime?
True
Is 7501003 a composite number?
False
Is 154174277 prime?
False
Is 7511521 composite?
True
Is 526693981 a composite number?
True
Is 368965321 a prime number?
True
Is 1092527197 a composite number?
True
Is 66195491 a composite number?
False
Is 885449 a composite number?
False
Is 17300057 a prime number?
True
Is 20497481 a composite number?
False
Is 24599881 composite?
False
Is 10370779 prime?
True
Is 690037 a composite number?
False
Is 604171 a composite number?
False
Is 21307951 a prime number?
False
Is 7000429 prime?
True
Is 161906279 prime?
False
Is 5019701 a composite number?
False
Is 67124563 composite?
True
Is 36677803 composite?
False
Is 2312777 composite?
True
Is 4075783 a prime number?
False
Is 189053653 a prim